 = -5*n + 3. Let t(l) = -8*f(l) - 3*p(l). Suppose u + 6 = 3*u + m, -17 = -u + 3*m. Calculate t(u).
-10
Suppose 3*i + 16*i + 152 = 0. Let s(d) = -5*d - 1. What is s(i)?
39
Suppose -i + 7*y - 2*y = -11, -3*y = -4*i + 10. Let w be 2*i*4/8. Suppose -6 = -b + 3*p, 5*b - 3*b - w = -5*p. Let a(q) = -q**2 - 2. Determine a(b).
-11
Let t(r) = -3*r - 4. Let n(h) = -8*h - 12. Let y(a) = 4*n(a) - 11*t(a). Give y(-3).
-7
Let l(p) = -3*p**3 + 10*p**2 + 3*p - 3. Let z(j) = -2*j**3 + 9*j**2 + 3*j - 4. Let o(w) = -2*w + 11. Let v be o(7). Let r(f) = v*l(f) + 4*z(f). Determine r(-5).
3
Let a(q) be the second derivative of -5*q**3/6 + 15*q**2/2 - 4*q. Let o(g) = 3*g - 8. Let p(k) = -6*a(k) - 11*o(k). Calculate p(2).
-8
Let n(h) = 19*h**3 + h**2. Let s = 6 + -3. Suppose 0 = 5*u, -w + s*w - 4*u + 2 = 0. Give n(w).
-18
Let c(i) = 12*i**3 + 6*i**2 + i + 15. Let r(f) = -5*f**3 - 3*f**2 - 7. Let n(o) = 3*c(o) + 7*r(o). Give n(3).
5
Suppose -57 = -8*o + 55. Let i(w) = -2*w**3 + 29*w**2 - 14*w + 6. Determine i(o).
6
Let r(o) = -4 + 14*o + 5 - 7*o - 9*o. Determine r(1).
-1
Let d(q) = q**3 + q - 9. Let i = 90 - 90. Suppose i = -2*m + 2*m + 8*m. What is d(m)?
-9
Suppose -2*d - 2 = -4*d. Let q(r) be the third derivative of -r**6/40 - r**5/30 + r**4/12 - r**3/6 - 16*r**2. Determine q(d).
-4
Let p(y) = 2*y**2 + 4*y + 3. Let s be p(-2). Suppose -2*a + 2 = m, 7 = -5*m + s*a + 4. Let h(d) = -d**2 - d - 13. What is h(m)?
-13
Let i(c) = 2*c - 5 - 2 + 0. Suppose 0 = -24*q + 14*q + 50. What is i(q)?
3
Let n(h) = 3*h**2 + 4*h - 5. Let i = 393 - 391. Give n(i).
15
Let b be (-2)/7 + 230/70. Let r(n) = -6*n + 1 + 4*n - 2 + b. Determine r(6).
-10
Let d(i) be the first derivative of i**6/72 - i**5/60 + i**4/24 - 3*i**3 + 7. Let p(c) be the third derivative of d(c). Let g = 2 - 1. Give p(g).
4
Let u be 69/12 + 18/72. Let a(k) = k**3 - 7*k**2 + 6*k - 6. Calculate a(u).
-6
Let y(k) = k**2 + 3*k - 3. Suppose -18*u - 3*d + 12 = -19*u, -u - 4*d = -2. Calculate y(u).
15
Let t be (7 - (-136)/(-20))*25. Let j(i) be the first derivative of 1/4*i**4 - 5/3*i**3 - i**2 - 1 + 3*i. What is j(t)?
-7
Let f(b) = b**3 - 5*b**2 + 2*b - 1. Let k be (-36)/(-42)*(-14)/(-3). Suppose s - t = 4, k*s - 5*t - 5 = 10. Calculate f(s).
9
Let l(c) = 19*c**2 - 26*c**2 + 7*c**2 - 5*c + 4*c**2 - 1 - 3*c**2. Let t = 3 + -3. Suppose -4*q = -2*q - 2*y - 6, -2*q - 2*y + 10 = t. What is l(q)?
-5
Let k(m) = m**2 - 1. Let i(n) = -1 - 5*n + 8*n - 4*n**2 + 0 + 2*n**2. Let l(r) = -i(r) - 3*k(r). Let y(q) = 2*q + 5. Let d be y(-4). Calculate l(d).
4
Let c be -3*(1 + 1)/(-6). Let i = -1 + c. Let k(j) = 125*j + 23. Let m(y) = 47*y + 8. Let p(w) = -3*k(w) + 8*m(w). What is p(i)?
-5
Let y = -306 + 308. Let q(p) = p**2 + p. Give q(y).
6
Suppose -5*i = 7*i - 84. Let c(g) = -2*g + 17. Determine c(i).
3
Let x = 17 + -17. Suppose -g - 7 + 3 = x. Let z(n) = -n**3 + n**2 + 4*n + 4. Let o(u) = 2*u**3 - 2*u**2 - 7*u - 7. Let k(b) = g*o(b) - 7*z(b). Give k(0).
0
Let j(d) = 1 - d**3 - 6 - 3 + d**2 - 5*d + 6*d**2. Calculate j(6).
-2
Let f(z) = -z + 7. Let p(h) = h**3 - 14*h**2 + 13*h - 6. Let y be p(13). Give f(y).
13
Let j(o) = -o**2 + 9*o + 11. Let m be j(9). Let x = m + -17. Let u(i) = 0*i**3 + 0*i**3 - 3*i**2 + 3*i + 10*i**2 - 8 + i**3. Give u(x).
10
Let j = -103 + 110. Let x(k) = k**2 - 6*k - 5. Give x(j).
2
Let s(t) = 6*t - 3*t + 4 - 4*t + t**3 - 7*t**2 + 5. Let r be s(7). Let o(u) = -2*u + 2. Determine o(r).
-2
Let r(m) = m**2 - 6. Suppose -18 = -2*a + 4*i - 10, 6 = -2*a - 3*i. Calculate r(a).
-6
Let k = 5 + 5. Let n = 19 - k. Let f(y) = -2*y - n + 7 + 4. Calculate f(-3).
8
Let f(g) = -g**3 - 3*g**2 + g - 1. Let v be 26/8 - 80/64. Calculate f(v).
-19
Let k(f) = -8 - 6*f**3 + 7*f - 10*f**2 + 2*f + 2*f + 7*f**3. Give k(9).
10
Let d be 3*(-3)/15 - (-36)/(-15). Let a(u) = -10*u - 34. Let q be a(d). Let v(c) = -c**2 - 3*c + 3. Calculate v(q).
-1
Let a(h) = -9*h - 3. Let u(g) = 12*g + 471. Let o be u(-39). Determine a(o).
-30
Suppose -4*k + 34 = -47*r + 45*r, 0 = r + 3. Let i(g) = 0 - 5*g - g - 4 + g**2. Determine i(k).
3
Let j = -149 + 149. Let m(a) = -a - 17. What is m(j)?
-17
Let k(l) = -2*l**3 + l**2 + 3*l - 1. Let z(x) = x**2 + 3*x + 2. Let w be 8/(-44) + (-46)/(-11). Let v be z(w). Let q be 24/v*10/4. Determine k(q).
-7
Let k(q) = -2 - 22*q - 20*q + 35*q + 12*q**2 - 11*q**2. Determine k(6).
-8
Let y(o) = 5*o - 13. Let t(d) = 5*d - 16. Let c(u) = -5*t(u) + 6*y(u). Suppose 2*k = -1 + 5. Calculate c(k).
12
Let a be (-18)/(-21) + ((-45)/(-21) - 2). Let c(j) = 2*j**2 - 7*j + 1. Let w(n) = n - 1. Let l(m) = a*c(m) + 3*w(m). Give l(4).
14
Let g(q) be the third derivative of -q**6/720 + q**5/24 + 5*q**4/6 + 35*q**2. Let w(j) be the second derivative of g(j). Determine w(6).
-1
Let s(c) = 6*c**3 - c**2. Let b be 24/(-72) + 2/6. Suppose -3*k + 2*k - 1 = 2*q, -5*k + q - 5 = b. Calculate s(k).
-7
Suppose 5*d - 44 = -3*a, 3*d + 17 - 11 = 0. Let o(t) = -41 - t + 19 + a. What is o(-7)?
3
Let n(i) be the first derivative of i**4/4 - i**3 - 3*i**2 - 6*i + 4. Give n(5).
14
Suppose -9*n + 28 = -16*n. Let p(c) = c**2 + 4*c + 3. Determine p(n).
3
Let l(x) = -6*x**2 + 2*x + 2. Let n = -8 - -1. Let y be (n - -14)/(2 + -1). Let w(m) = -5*m**2 + 2*m + 1. Let b(i) = y*w(i) - 6*l(i). Determine b(-4).
3
Let d(n) = -n**3 + 6*n**2 - n - 11. Let p be d(5). Let f(a) = a**2 - 7*a + 9. Determine f(p).
27
Let a(u) be the third derivative of -u**5/60 - 7*u**4/24 - u**3/3 - 5*u**2. Let z be ((-27)/12)/((-3)/(-8)). Determine a(z).
4
Let k(g) = g + 8. Let t be (-410)/(-123)*(-3)/2. Determine k(t).
3
Suppose -3*b - 3*o - 15 = 0, -9*b - 2 = -5*b - 2*o. Let i(m) be the third derivative of -m**4/8 + m**3/6 - m**2. Determine i(b).
7
Let h = -33 + 35. Let k(m) = 6*m + 1 - h + 4*m**2 + 3*m**3 - 4*m**3 + 0. Determine k(5).
4
Suppose -4 = 5*u + 1. Let x(j) = 6*j - 1. Let g(c) = -12*c + 2. Let n(h) = 6*g(h) + 11*x(h). Calculate n(u).
7
Let w(d) = d**2 + 5*d - 4. Let v(x) = -x**3 + 2*x + 7. Let c be v(0). Let i(g) = -g**3 + 8*g**2 - 7*g - 4. Let o be i(c). Determine w(o).
-8
Let s(q) = -9*q - 3*q**2 + 99 - q**3 - 10*q - 7*q**2 - 260 + 136. Determine s(-8).
-1
Let c = -21 - -22. Let s be (7 + 2/(-1))*c. Suppose 5*j - 5*w = -30, 5*w - 3*w - 30 = s*j. Let o(i) = i**2 + 3*i - 8. What is o(j)?
10
Suppose 3*w - 6*i = -4*i + 6, 5*w + 2*i = -6. Suppose 5*n - 20 = -w. Let y(d) = -2 - d**2 + 0 + d + 4. What is y(n)?
-10
Let r(v) = -4*v - 5. Let o be r(-5). Suppose 5*t + 8 = i + 3, t - o = -3*i. Let x(m) = m**3 - 5*m**2 + 2*m - 4. Calculate x(i).
6
Let d(i) = -i - 4 + 0 + 7. Suppose 0 = 2*g + 5*n - 0*n - 51, -31 = -2*g - n. Let w = g - 10. Give d(w).
0
Let j(z) = z**2 - 6*z. Let s be (1 - 3)*((-9)/2 - -1). Calculate j(s).
7
Let u(z) = z**2 - z + 6. Suppose 3*h - 5 = -l, 0 = 5*h - 0*h + 4*l - 20. What is u(h)?
6
Let b(a) = -3*a**3 - 5*a**2 + a + 3. Let i(w) = 2*w**3 + 2*w**2 - 2. Let m(h) = 3*b(h) + 5*i(h). Let t be (-6)/12*6 - -7. What is m(t)?
-5
Let l(n) be the second derivative of -11/24*n**4 + 1/120*n**5 - 4*n + 0 + 0*n**2 + 1/3*n**3. Let p(s) be the second derivative of l(s). Determine p(5).
-6
Let r(k) = k**2 - 7*k - 1. Let a(y) = 4*y - 21. Let c(q) = q**3 + 6*q**2 + 4*q - 5. Let b be c(-3). Let t be a(b). Let u = 26 - t. What is r(u)?
-1
Let t(h) = 7 - 6 + 3 + h. Give t(-6).
-2
Let j(n) be the second derivative of 0 - 1/2*n**3 - n - n**2. Calculate j(-2).
4
Let d(t) be the first derivative of -t**4/6 - 5*t**3/6 + 10*t**2 + 16. Let o(c) be the second derivative of d(c). Determine o(-5).
15
Let z(l) = -2*l**2 - 3*l - 3. Suppose -423 = 3*i - 417. Calculate z(i).
-5
Let p(x) = -4*x**3 + 5*x**2 + 7 - 3*x**3 + 8*x**3. Suppose 0 = 3*z + z + 24. Let y = z + 1. Calculate p(y).
7
Suppose -4 = 4*y - 28. Let c(z) = -4*z - z**2 + z**2 - y + z**2 + 10*z. Let j = 48 + -53. Calculate c(j).
-11
Let f = 84 - 154. Let h = f - -65. Let a(m) = m**3 + 4*m**2 - 6*m - 4. Calculate a(h).
1
Let s(x) = 3*x. Let l(b) = -2*b. Let a(r) = -7*l(r) - 4*s(r). Give a(-5).
-10
Suppose -2*s + 3*k = 8*k - 14, 2 = k. Let c(w) = 3*w. Calculate c(s).
6
Let b(t) = 6*t**2 + t**3 + 446*t - 227*t - 5 - 228*t. Give b(-7).
9
Let g(q) be the third derivative of 0*q**3 + 0 - 1/4*q**4 - 9*q**2 + 0*q. Suppose n = -1 + 2. What is g(n)?
-6
Let w(l) = 291*l + 2 - l**2 - 292*l + l**3 - 1. Let v(t) = -t**2 + 1. Let y be v(1). Give w(y).
1
Let h b